 divided by 49?
27
Suppose -7196*w + 7201*w = 425. Calculate the remainder when 931 is divided by w.
81
Suppose 0 = 3*x - 0*x - 5*b + 7, -4*b = 3*x + 16. Let a be (-10)/(-15)*(-162)/x. Let z = -7 + a. What is the remainder when 39 is divided by z?
19
Let d = -20 - -121. Let x = 5208 - 5182. Calculate the remainder when d is divided by x.
23
Let h = 415 + -407. Suppose 0 = -t + 5*t - 8. Suppose -2*r + 67 = t*r + 3*c, -c = -r + h. Calculate the remainder when r is divided by 5.
3
Let c(p) = p**2 - 3151*p + 31415. Suppose 889 = 3*b + 2*m, 0 = 2*b - 0*m + 2*m - 592. Calculate the remainder when b is divided by c(10).
2
Let y(z) = 8*z - 1. Let a(t) = 24 + 12 + 0*t + 10 + 3*t. What is the remainder when y(1) is divided by a(-14)?
3
Let t be (20/(-8))/((-4)/(-328)). Suppose -12*z - 77 = -13*z. Calculate the remainder when z is divided by (-3)/12*1 + t/(-20).
7
What is the remainder when 4/(-2)*-4 - (29 - (7398 - 33)) is divided by 31?
28
Suppose -106*u + 219*u - 1320 = 101*u. What is the remainder when 147 is divided by u?
37
Suppose -117*c + 92*c = -975. Calculate the remainder when 307 is divided by c.
34
Suppose 3*q + 285 = -3*v, -4*v + 0*v + 20 = 0. Let r = 147 + q. Calculate the remainder when r is divided by (-23)/(2783/198)*44/(-6).
11
Let a(u) = -34*u + 23. Let i be a(-3). What is the remainder when (50/i)/(2/850) is divided by 9?
8
Let h(z) = -z**3 + 5*z**2 + 8*z + 3. Let k be h(6). Suppose 0 = -k*i + 12*i + 114. What is the remainder when i is divided by ((-18)/(-12))/(3/28)?
10
Let g(h) = -2*h**3 - 23*h**2 - 36*h - 49. Let q(l) = -2*l + 7. Calculate the remainder when q(-9) is divided by g(-10).
3
Let r = -15 + 30. Calculate the remainder when r is divided by (-38)/(-26) + 222/(-481) - -7.
7
Let n(c) = 8 - 369*c + 376*c + 12 + c**2. What is the remainder when n(-8) is divided by 21?
7
Suppose -4*f = -3*i + 28, 0 = -6*i + 3*i - 5*f + 19. Suppose 0 + 24 = i*w. Suppose -7*b + 56 = -w*b. Calculate the remainder when 54 is divided by b.
12
Suppose -u + 44 = -5*g, 2*u + 5*g - 13 = 15. Suppose o + 43 = 6*o - t, -5*t = 5*o - 25. Let r(z) = -2*z + 25. What is the remainder when u is divided by r(o)?
6
Let q be (-2)/((-5180)/(-1296) + -4). Suppose q = -0*o + o + c, -2*o + 4*c = -1284. Suppose -11*u + o = -146. Calculate the remainder when u is divided by 25.
22
Let q = 29973 + -29917. Calculate the remainder when 2646 is divided by q.
14
Let a(b) = 8*b + 690. What is the remainder when 311 is divided by a(-76)?
65
Suppose 0 = 48*f - 167*f + 20999 + 128941. Calculate the remainder when f is divided by 11.
6
Let f = 587 - 400. Calculate the remainder when 352 is divided by f.
165
Suppose 3*t - 32 = t. Suppose -2*y = 3*r - 0 - 6, -3*r + 6 = -4*y. Suppose y = -0*x + x - 45. What is the remainder when x is divided by t?
13
Suppose 109 = -5*v + 534. Let z be 3 + 0 - (6 + -7). Suppose z*o - 46 = -3*l, 3*o + 81 = 3*l - 0*o. Calculate the remainder when v is divided by l.
19
Let o(c) = 2*c**3 + 15*c**2 + 10*c + 5. Let m be o(-8). Let h = -107 - m. Calculate the remainder when h is divided by 17.
15
Suppose -3*z - 29 = -2*m, -3*m + 71 = 4*z - 3*z. Let f = m + 26. Let c = f - 19. Calculate the remainder when 81 is divided by c.
23
Let h(m) = 2*m**2 - 6*m + 4. Let y be h(5). Let j be 3 + 8/6*y. Let o = j - 28. What is the remainder when 19 is divided by o?
5
Suppose -302*c + 427482 - 2380 = 75688. Calculate the remainder when c is divided by 235.
217
Suppose 4*f - 6 - 30 = 0. What is the remainder when (-26)/(-3)*435/58 is divided by f?
2
Let l(n) = -n**2 + 20*n - 38. Suppose -5*a - 7 = -62. What is the remainder when l(a) is divided by 7?
5
Let o(g) = 18*g - 40. Suppose -3*v - 16 = -4*j, -3*v = -2*j + v - 2. Suppose 3*l - 5 = 40. What is the remainder when o(j) is divided by l?
11
Suppose 4*a = 359 - 343. Suppose 0 = a*s + 17*s - 441. Calculate the remainder when s is divided by 8.
5
Let x = -4 + 4. Suppose 0 = 12*r + 35 - 431. Suppose -r*m + 28*m + 50 = x. What is the remainder when 33 is divided by m?
3
Let u = -10314 - -10338. What is the remainder when 598 is divided by u?
22
Suppose t + 103 = -33. Let d = -35 - t. What is the remainder when d is divided by 46?
9
What is the remainder when (12 - 8)*(-1)/((-16)/1480) is divided by 34?
30
Let k be (-29)/(-6 + 35)*(-41 + 0). Suppose -l = -3*l + 226. Let a = l - k. Calculate the remainder when a is divided by 15.
12
Let k(n) = 26*n**2 - 12*n. What is the remainder when 307 is divided by k(1)?
13
Suppose -2577*b + 2582*b - 6870 = 0. What is the remainder when b is divided by 27?
24
Suppose 0 = 4*j - 2*o - 536, -6*o = j - 4*o - 149. Calculate the remainder when 291 is divided by j.
17
Let t = 59 - 53. Let z(p) = -p**2 + 25*p + t*p - 11 - 2. What is the remainder when z(27) is divided by 16?
15
Let q(d) = -3*d**3 - 3*d**2 - 2*d**3 - 3*d - d + 0*d**3 - 2. Let a = 204 - 207. What is the remainder when q(a) is divided by 30?
28
Let m = 1438 + -1020. Calculate the remainder when m is divided by 14.
12
Suppose 0 = -701*y + 685*y + 352. Calculate the remainder when 252 is divided by y.
10
Let n(p) = -39*p - 1. Let y be n(-1). Let u(m) = 7*m - 228. Let l be u(39). Let i = l - y. Calculate the remainder when 11 is divided by i.
4
Suppose 5151 = 44*b - 789. What is the remainder when b is divided by 70?
65
Let a = 26 + -8. Suppose 0 = -0*b + b - a. Let c = 494 + -444. Calculate the remainder when c is divided by b.
14
Suppose 5*c + 510 = 5*d, -c + 96 = d - 5*c. Suppose -d = 6*j - 440. Calculate the remainder when j is divided by (540/(-16))/9*-4.
11
Let m be 2*(-8)/(-2)*(0 - 1). Let z(n) = -n**3 - 7*n**2 + 8*n. Let a be z(m). What is the remainder when (-164)/(a + 2 + -4) is divided by 29?
24
Suppose 4*j + 4*q - 1128 = 0, -2*j = -4*q + 3*q - 558. Suppose 0 = 2*t - 6*t + j. What is the remainder when t is divided by 18?
16
Suppose -28 = 36*b - 38*b. Suppose -398 = -8*c - b. What is the remainder when 333 is divided by c?
45
Suppose -3*x + x = 4*x. Suppose x*k - 12*k = -552. Suppose -5*t + 156 + 294 = 0. What is the remainder when t is divided by k?
44
Let s = 1 + -12. Let a = -3 - s. Suppose 120*z - 117*z + 5*f - 138 = 0, 2*z - 42 = 5*f. Calculate the remainder when z is divided by a.
4
Suppose -831*s - 78181 + 347551 = -562461. Calculate the remainder when s is divided by 316.
53
Let p = -41 + 120. Suppose 112 = x - 0*x. Let d = x - p. Calculate the remainder when d is divided by 4.
1
Let q(p) = 5*p**2 + 72*p + 939. What is the remainder when q(-16) is divided by 281?
224
Let d(h) = -h + 193. Let z be -24 + 25 + 21 + 1. Calculate the remainder when d(z) is divided by 9.
8
What is the remainder when 67 is divided by 9/(76/144 + 44/198)?
7
Let a(b) = b**3 - 105*b**2 + 2*b - 116. What is the remainder when a(105) is divided by 58?
36
Let d = 1993 - 1738. What is the remainder when d is divided by 72?
39
Let t = -92 - -43. Let a = 57 + t. Let w = 16 - 13. Calculate the remainder when a is divided by w.
2
Let q(c) = -c**2 - 12*c - 10. Let z be q(-11). Let h be (-7)/35 + (42/10)/z. Suppose h*r - 399 = 149. What is the remainder when r is divided by 46?
45
Let r(o) = -248*o**3 - o. Suppose 102 + 395 + 178 = 27*a. Calculate the remainder when r(-1) is divided by a.
24
Suppose 2414 = 5*l - d - 991, -l - 4*d + 702 = 0. What is the remainder when l is divided by 96?
10
Suppose n - 3*n + 582 = 4*l, 3*n + 5*l - 874 = 0. Suppose 41*d - 2387 = 10*d. Suppose -6*f - d = -n. Calculate the remainder when 107 is divided by f.
35
Let a be ((-1)/(-2))/((-2)/(-32)). Suppose -13 = 2*b + 5*n, -5*b + 5*n + a = -12. What is the remainder when 33 + ((-3)/b)/(-3) is divided by 6?
4
Let f(d) = -3*d**2 - 16*d - 8. Let y be f(-5). Calculate the remainder when (-1)/8 - (-987)/24 is divided by (y/5)/((-25)/625).
11
Suppose 2*s = -4*g + 18, -16*g + 5*s + 33 = -13*g. Let a = g + 73. Calculate the remainder when a is divided by 8.
7
Let u(i) = 264*i + 93. Calculate the remainder when u(1) is divided by 68.
17
Let i(k) = -158*k - 2187. What is the remainder when 186 is divided by i(-14)?
11
Let u = 450 + 306. What is the remainder when u is divided by 10?
6
Let d(l) be the third derivative of -l**5/60 + 3*l**4/8 + l**3/6 + l**2 - 50. What is the remainder when 14 is divided by d(8)?
5
Let t be 6/9*30/4. Let s(x) = -106*x + 1. Calculate the remainder when